 + 4*y - 1. Calculate u(-5).
-871
Let u(a) = -885*a**2 - 36286*a - 23. Determine u(-41).
18
Let j(c) = -7*c**2 - 371*c + 21546. Determine j(-88).
-14
Let m(k) = -4*k**3 - 8*k**2 + 41*k + 544. Calculate m(-5).
639
Let w(b) = 42867*b + 600329. What is w(-14)?
191
Let o(w) = w**3 + 511*w**2 + 1805*w + 142744. What is o(-508)?
-4
Let d(r) = -3*r**2 - 858*r - 60404. What is d(-161)?
-29
Let b(k) = -224*k + 25651. Determine b(116).
-333
Let f(l) = 74*l**2 + 274*l - 94. Determine f(-6).
926
Let l(w) = 203*w**2 + 5837*w - 1866. Determine l(-29).
-416
Let c(i) = 4*i**2 + 15519*i - 643088. What is c(41)?
-85
Let p(u) = -85*u**2 + 1702*u + 34. Give p(21).
-1709
Let l(s) = 103943*s - 15487507. Give l(149).
0
Let d(m) = -5*m**3 + 19*m**2 + 25*m - 37. Determine d(4).
47
Let k(l) = -2*l**2 + 301*l + 39877. Calculate k(-83).
1116
Let c(l) = 28114*l + 534170. What is c(-19)?
4
Let l(c) = c**3 + 23*c**2 - 265*c - 256. Determine l(-30).
1394
Let f(a) = 8*a**2 + 654*a - 2220. Calculate f(-85).
-10
Let h(d) = 3*d**2 - 24*d - 22143. Give h(96).
3201
Let p(y) = -5121*y + 20505. Determine p(4).
21
Let v(q) = q**3 - 1419*q**2 + 64484*q + 9. Give v(47).
9
Let l(s) = s**3 + 48*s**2 - 2266*s + 98. Determine l(-77).
2639
Let z(l) = l**3 - 3*l**2 - 373*l - 997. Determine z(22).
-7
Let m(b) = b**3 - 22*b**2 - 28*b + 36. Give m(23).
-79
Let a(c) = -21*c**2 - 14*c - 51. Determine a(-2).
-107
Let w(y) = -2*y**3 - 190*y**2 - 52*y - 4927. Calculate w(-95).
13
Let p(j) = -6*j**3 + 7*j**2 + 168*j - 42. Determine p(7).
-581
Let p(d) = -d**3 + 30*d**2 - 1012*d + 30397. What is p(30)?
37
Let v(i) = 157*i - 3189. Determine v(16).
-677
Let j(f) = -98585*f + 197175. Determine j(2).
5
Let z(l) = 7*l**2 - 2529*l - 179356. Determine z(422).
-6
Let p(u) = -21*u**2 - 1487*u - 6656. Determine p(-66).
10
Let w(v) = 3070*v + 23491. Calculate w(-8).
-1069
Let a(s) = -s**3 + 32*s**2 - 168*s + 9565. Give a(35).
10
Let a(z) = -13155*z + 26011. Give a(2).
-299
Let x(z) = -36*z**3 - 21*z**2 + 6*z + 18. Give x(-2).
210
Let p(r) = 2*r**2 + 697*r - 30892. What is p(40)?
188
Let f(q) = 2*q**3 - 323*q**2 + 1730*q - 2172. Calculate f(156).
12
Let m(x) = 78639*x - 21861635. What is m(278)?
7
Let p(h) = 5*h**3 - 56*h**2 + 15*h + 81. What is p(11)?
125
Let p(i) = -10908*i - 43628. Give p(-4).
4
Let g(b) = -8*b**2 - 255*b + 538. What is g(2)?
-4
Let j(z) = z**2 + 78*z + 1192. Give j(-62).
200
Let k(w) = w**2 - 574*w - 5851. Give k(-10).
-11
Let j(k) = -2*k**3 + 78*k**2 - 193*k - 158. Determine j(37).
-1823
Let g(y) = 453*y**2 - 11322*y + 66. Give g(25).
141
Let y(k) = 30709*k + 644874. Determine y(-21).
-15
Let a(d) = -2*d**2 - 3721*d - 446736. Determine a(-129).
-9
Let b(q) = -q**3 + 20*q**2 + 4118*q - 50564. What is b(12)?
4
Let k(j) = j**2 - 23948*j + 23949. Determine k(1).
2
Let f(h) = -h**3 + 22*h**2 - 63*h + 29. What is f(8)?
421
Let y(x) = 6*x**2 + 810*x - 21792. What is y(23)?
12
Let p(n) = -n**3 - 10*n**2 + 290*n - 140. What is p(-21)?
-1379
Let z(a) = -595*a - 226597. What is z(-381)?
98
Let i(a) = a**3 + 455*a**2 + 918*a + 5473. Determine i(-453).
37
Let i(z) = 2524*z - 548. What is i(1)?
1976
Let m(d) = -43*d + 2337. What is m(9)?
1950
Let f(h) = -356*h + 3647. Calculate f(13).
-981
Let f(k) = -16259*k + 32548. Calculate f(2).
30
Let c(m) = -2*m**3 - 69*m**2 + 103*m - 100. What is c(-36)?
80
Let q(v) = 966*v - 97. Calculate q(0).
-97
Let l(q) = -11*q - 1561. Calculate l(0).
-1561
Let g(j) = j**2 - 24*j - 1800. What is g(-32)?
-8
Let f(x) = -x**3 + 82*x**2 - 132*x + 4243. Calculate f(81).
112
Let v(p) = -p**2 - 2543*p - 60503. Determine v(-24).
-47
Let a(c) = 2*c**3 - 539*c**2 - 1332*c + 140654. Calculate a(271).
5
Let v(r) = r**2 - 54*r - 2555. What is v(85)?
80
Let p(l) = -79*l**2 + 134*l - 39. Calculate p(6).
-2079
Let u(d) = -30838*d - 277546. Give u(-9).
-4
Let y(f) = -116*f**2 - 743*f + 2712. What is y(-9)?
3
Let l(d) = d**3 - 64*d**2 + 200*d - 17259. What is l(65)?
-34
Let y(x) = 127*x**3 + 44*x**2 - 99*x + 12. Determine y(2).
1006
Let w(q) = -60*q**3 + 6*q**2 + 3*q - 43. Determine w(3).
-1600
Let x(z) = 53*z + 3384. Calculate x(-66).
-114
Let k(w) = -11*w**2 + 46*w + 130. Calculate k(-3).
-107
Let k(d) = -17*d**2 + 2612*d - 24. Give k(154).
-948
Let v(h) = 276403*h - 37037994. What is v(134)?
8
Let c(z) = 28*z**3 + 206*z**2 + 69*z - 13. Calculate c(-7).
-6
Let y(h) = -3*h**2 + 106*h - 828. Calculate y(11).
-25
Let b(k) = -5*k**3 - 105*k**2 - 2007*k - 42142. Give b(-21).
5
Let b(o) = -37*o**2 - 3731*o - 2. What is b(-101)?
-608
Let p(n) = -n**2 - 113*n + 8335. What is p(-161)?
607
Let y(b) = -223*b + 12789. Give y(58).
-145
Let w(o) = -5116*o + 143269. Determine w(28).
21
Let k(z) = 4*z**2 - 3930*z + 822799. Give k(680).
-1
Let q(s) = -310*s**2 + 3726*s + 12. What is q(12)?
84
Let d(l) = -24*l**2 + 574*l + 6047. Give d(-9).
-1063
Let i(b) = 27*b**3 + 4341*b**2 - 963*b + 490. Calculate i(-161).
7
Let o(z) = 11*z**2 + 3171*z + 4388. Calculate o(-287).
370
Let z(u) = -19*u**2 - 309*u - 329. Give z(-12).
643
Let x(o) = -19612*o + 19703. Calculate x(1).
91
Let n(g) = 2448*g + 84628. Determine n(-35).
-1052
Let b(o) = -o**3 - 12*o**2 + 72*o + 393. Calculate b(-15).
-12
Let c(u) = 28*u**3 + 313*u**2 + 191*u + 21. What is c(-10)?
1411
Let z(w) = -5*w**2 + 184*w - 4029. Give z(24).
-2493
Let u(d) = d**3 + 11*d**2 - 487*d - 8043. Calculate u(-19).
-1678
Let m(f) = -f**3 - 162*f**2 + 1227*f - 1329. Calculate m(6).
-15
Let g(b) = -18*b**2 - 2290*b - 2768. Calculate g(-126).
4
Let y(f) = 74*f**2 + 3568*f + 51. Calculate y(-48).
-717
Let p(l) = l**3 - 6*l**2 - 381*l + 1159. What is p(3)?
-11
Let y(w) = 2*w**3 + 182*w**2 + 270*w + 8080. What is y(-90)?
-20
Let n(m) = -4*m**3 - 2178*m**2 + 1076*m - 7629. Give n(-545).
1
Let f(g) = -37*g**2 - 403*g - 989. Determine f(-7).
19
Let q(d) = 142*d - 1613. Calculate q(16).
659
Let o(q) = 2781*q - 32585. What is o(12)?
787
Let p(y) = -19*y**2 - 243*y + 129. Determine p(-11).
503
Let l(i) = 294*i + 11148. Give l(-38).
-24
Let s(v) = v**3 - 2*v**2 + 15*v - 56. Give s(7).
294
Let i(a) = -116*a - 3303. Give i(-43).
1685
Let i(j) = -172*j**2 + 4844*j - 25896. Determine i(21).
-24
Let h(p) = -7*p**2 + 382*p - 4542. Calculate h(37).
9
Let l(u) = -287763*u + 575518. Give l(2).
-8
Let w(o) = 703740*o - 19704719. Give w(28).
1
Let b(g) = -g**3 + 95*g**2 - 596*g + 13138. Determine b(90).
-2
Let z(b) = -32854*b + 61666962. Give z(1877).
4
Let y(o) = 54496*o - 544959. Calculate y(10).
1
Let c(y) = -3*y**3 + 47*y**2 + 375*y - 552. Calculate c(21).
267
Let w(l) = 2*l**2 + 6*l - 458. Determine w(16).
150
Let j(w) = 3*w**3 - 576*w**2 - 533*w - 8904. Calculate j(193).
-26
Let l(z) = z**3 + 16*z**2 - 2003*z - 30270. Determine l(-15).
0
Let p(c) = 4*c**3 + 33*c**2 + 235*c + 1821. Calculate p(-8).
5
Let v(p) = -36069*p + 973853. Determine v(27).
-10
Let z(x) = -x**3 + 171*x**2 - 668*x + 1523. Determine z(167).
1523
Let l(n) = -36324*n - 218009. Determine l(-6).
-65
Let a(d) = -31*d**2 + 696*d + 1870. Calculate a(25).
-105
Let k(x) = x**3 + 2522*x**2 - 38066*x + 157. What is k(15)?
-8
Let r(y) = -66*y**2 - 1207*y - 183. Give r(-16).
2233
Let v(x) = 2*x**2 + 129*x - 2310. What is v(-81)?
363
Let v(w) = -5*w**3 + 1155*w**2 - 38*w + 8766. Give v(231).
-12
Let d(i) = 553041*i - 2765259. What is d(5)?
-54
Let c(w) = -w**2 + 2358*w - 74520. Determine c(32).
-88
Let v(g) = 243*g**2 + 15527*g - 1558. Calculate v(-64).
42
Let s(x) = 64678*x - 1293724. Give s(20).
-164
Let h(f) = f**3 - 202*f**2 + 398*f + 688. Calculate h(200).
288
Let x(n) = 15*n**3 - 17*n**2 + 51*n - 59. Determine x(2).
95
Let a(v) = -3541*v + 273. Calculate a(1).
-3268
Let t(g) = g**2 - 355*g + 119. Calculate t(0).
119
Let q(w) = -45*w**2 - 79*w - 417. What is q(-6)?
-1563
Let h(c) = 33*c**3 - 5*c**2 + 10*c + 68. What is h(-4)?
-2164
Let p(b) = 11*b**2 - 3493*b + 31246. Give p(9).
700
Let f(n) = -2*n**3 + 581*n**2 + 313*n - 6410. Give f(291).
-8
Let t(q) = -49*q**2 - 9065*q + 54413. Determine t(6).
-1741
Let g(j) = -213*j - 12995. Give g(-61).
-2
Let k(f) = -554*f + 14160. Give k(26).
-244
Let u(g) = -1247*g**2 + 33651*g + 8. Calculate u(27).
-478
Let p(t) = 5*t**2 - 3750*t + 537508. Determine p(557).
3
Let j(z) = 1496*z + 468231. Determine j(-313).
-17
Let z(m) = -m**3 + 2*m**2 - 372*m + 5917. Calculate z(12).
13
Let o(k) 